{"id":541,"date":"2024-12-19T18:06:13","date_gmt":"2024-12-19T17:06:13","guid":{"rendered":"https:\/\/archersdusoleilfrontignan.fr\/cms\/?page_id=541"},"modified":"2024-12-20T11:46:11","modified_gmt":"2024-12-20T10:46:11","slug":"mentionslegales","status":"publish","type":"page","link":"https:\/\/archersdusoleilfrontignan.fr\/cms\/mentionslegales\/","title":{"rendered":"MENTIONS L\u00c9GALES"},"content":{"rendered":"<h3><img loading=\"lazy\" decoding=\"async\" class=\"alignnone wp-image-543 size-full\" src=\"https:\/\/archersdusoleilfrontignan.fr\/cms\/wp-content\/uploads\/titreMentionsLegales.png\" alt=\"\" width=\"478\" height=\"64\" srcset=\"https:\/\/archersdusoleilfrontignan.fr\/cms\/wp-content\/uploads\/titreMentionsLegales.png 478w, https:\/\/archersdusoleilfrontignan.fr\/cms\/wp-content\/uploads\/titreMentionsLegales-300x40.png 300w, https:\/\/archersdusoleilfrontignan.fr\/cms\/wp-content\/uploads\/titreMentionsLegales-360x48.png 360w\" sizes=\"auto, (max-width: 478px) 100vw, 478px\" \/><\/h3>\n<hr \/>\n<p>Ce site Web est r\u00e9alis\u00e9 sous WordPress par l&rsquo;association sportive \u00ab\u00a0Les Archers du Soleil\u00a0\u00bb situ\u00e9e \u00e0 Frontignan La Peyrade (H\u00e9rault).<\/p>\n<p>L&rsquo;association Les Archers du Soleil est une association r\u00e9gie par la Loi de 1901.<\/p>\n<p>La responsable de la publication du site Web est Mme. Yolande Communaudat, pr\u00e9sidente de l&rsquo;association.<\/p>\n<p>Le Webmasters du site Web est M. Pierre Beauchaud.<\/p>\n<p>\u00a9 Cr\u00e9dits photos : Les Archers du Soleil (sauf les extraits de presse).<\/p>\n<p>Ce site Web est h\u00e9berg\u00e9 par OVH Cloud.<\/p>\n<hr \/>\n<h3>Protection des donn\u00e9es<\/h3>\n<h3 id=\"introduction\">Introduction<\/h3>\n<p>Dans le cadre de ses activit\u00e9s sportives, l&rsquo;association Les Archers du Soleil, situ\u00e9e 47, rue de la Pin\u00e8de, 34110 Frontignan, est amen\u00e9e \u00e0 collecter et \u00e0 traiter des informations qui sont qualifi\u00e9es de \u201cdonn\u00e9es personnelles\u201d. L&rsquo;association attache une grande importance au respect de la vie priv\u00e9e, et utilise ces donn\u00e9es de mani\u00e8re responsable et confidentielle, dans une finalit\u00e9 pr\u00e9cise.<\/p>\n<p>Le connexion au site est s\u00e9curis\u00e9e par un certificat HTTPS affich\u00e9 en bas de cette rubrique.<\/p>\n<h3 id=\"donn-es-personnelles\">Donn\u00e9es personnelles<\/h3>\n<p>Sur le site web\u00a0<strong>https:\/\/www.archersdusleil.fr<\/strong>, les seules donn\u00e9es susceptibles d\u2019\u00eatre recueillies concernent :<\/p>\n<ul>\n<li>le formulaire Google en ligne d&rsquo;inscription aux comp\u00e9titions et autres \u00e9v\u00e8nements sportifs de la rubrique <span style=\"color: #0000ff;\"><strong><a style=\"color: #0000ff;\" href=\"https:\/\/archersdusoleilfrontignan.fr\/cms\/competitions\/inscriptions\/\">COMP\u00c9TITIONS\/INSCRIPTIONS<\/a><\/strong><\/span><\/li>\n<\/ul>\n<p>Toutes les autres donn\u00e9es personnelles accessibles par des liens depuis ce site, concernant les classements et les r\u00e9sultats, ces donn\u00e9es sont g\u00e9r\u00e9es respectivement par les f\u00e9d\u00e9rations sportives d\u00e9partementales, r\u00e9gionales et nationales.<\/p>\n<p><strong><span style=\"text-decoration: underline;\">Le site Web de l&rsquo;association n\u2019utilise aucun outil de collecte d\u2019informations personnelles \u00e0 votre insu.<\/span><\/strong><\/p>\n<h3 id=\"utilisation-des-donn-es\">Utilisation des donn\u00e9es<\/h3>\n<p>Les donn\u00e9es que vous nous transmettez dans le formulaire Google d&rsquo;inscription aux comp\u00e9titions et \u00e9v\u00e8nements sportifs sont utilis\u00e9es dans le seul but de transmettre votre demande aux organisateurs concern\u00e9s. Ces donn\u00e9es sont recueillies sur ce site puis transmises exclusivement par l&rsquo;association, responsable de leur traitement.<\/p>\n<p><span style=\"text-decoration: underline;\"><em><strong>Vos donn\u00e9es personnelles ne seront jamais c\u00e9d\u00e9es \u00e0 un tiers pour \u00eatre utilis\u00e9es \u00e0 d\u2019autres fins que celles \u00e9voqu\u00e9es ci-dessus.<\/strong><\/em><\/span><\/p>\n<p>De la m\u00eame fa\u00e7on, les donn\u00e9es du formulaire de la rubrique \u201c<strong>Contact<\/strong>\u201d sont destin\u00e9es exclusivement \u00e0 afficher les num\u00e9ros de t\u00e9l\u00e9phones des responsables de l&rsquo;association, et l&rsquo;adresse e-mail g\u00e9n\u00e9rique du club. Vos messages sont conserv\u00e9s dans la messagerie du club et peuvent \u00eatre transmis \u00e0 des responsables du club ou des responsables d&rsquo;autres clubs sportifs et\/ou de f\u00e9d\u00e9rations sportives, exclusivement dans le cadre de l&rsquo;organisation de comp\u00e9titions ou d&rsquo;\u00e9v\u00e8nements sportifs.<\/p>\n<h3 id=\"base-l-gale\">Base l\u00e9gale<\/h3>\n<p>Les donn\u00e9es personnelles lors de l&rsquo;inscription \u00e0 une comp\u00e9tition ou \u00e0 un \u00e9v\u00e8nement sportif ne sont collect\u00e9es qu\u2019apr\u00e8s consentement obligatoire de l\u2019utilisateur. Ce consentement est valablement recueilli (boutons et cases \u00e0 cocher), libre, clair et sans \u00e9quivoque dans le formulaire d&rsquo;inscription aux comp\u00e9titions et \u00e9v\u00e8nements sportifs.<\/p>\n<h3 id=\"dur-e-de-conservation\">Dur\u00e9e de conservation<\/h3>\n<p>Les donn\u00e9es personnelles seront sauvegard\u00e9es durant une dur\u00e9e maximale li\u00e9e \u00e0 l&rsquo;adh\u00e9sion pleine et enti\u00e8re des membres \u00e0 l&rsquo;association.<\/p>\n<h3 id=\"cookies\">Cookies<\/h3>\n<p>Le site web des Archers du Soleil n\u2019utilise pas de cookies autres que des cookies techniques anonymes de gestion de session WordPress, effac\u00e9s d\u00e8s la fermeture du site. Aucun cookie n\u2019est d\u00e9pos\u00e9 dans votre navigateur.<\/p>\n<p>Pour les cookies employ\u00e9s par le formulaire Google d\u2019inscription aux comp\u00e9titions et \u00e9v\u00e8nements sportifs, vous pouvez vous r\u00e9f\u00e9rer aux r\u00e8gles de confidentialit\u00e9 de Google sur <span style=\"color: #0000ff;\"><strong><a style=\"color: #0000ff;\" href=\"https:\/\/policies.google.com\/privacy\" target=\"_blank\" rel=\"noopener noreferrer\">cette page<\/a><\/strong><\/span>.<\/p>\n<h3 id=\"vos-droits-concernant-les-donn-es-personnelles\">Vos droits concernant les donn\u00e9es personnelles<\/h3>\n<p>Vous poss\u00e9dez un droit de consultation, demande de modification ou d\u2019effacement sur l\u2019ensemble de vos donn\u00e9es personnelles. Vous pouvez \u00e9galement retirer votre consentement au traitement de vos donn\u00e9es. Pour cela, adressez-vous aux contacts ci-dessous.<\/p>\n<h3 id=\"contact-d-l-gu-la-protection-des-donn-es\">Contact d\u00e9l\u00e9gu\u00e9 \u00e0 la protection des donn\u00e9es<\/h3>\n<p>Yolande Communaudat, pr\u00e9sidente de l&rsquo;association<br \/>\nContact au 06.11.51.01.43 ou par email : lesarchersdusoleil@gmail.com<\/p>\n<h3 id=\"contact-d-l-gu-la-protection-des-donn-es\">Certificat https du site Web (renouvellement trimestriel)<\/h3>\n<p><img loading=\"lazy\" decoding=\"async\" class=\"alignnone wp-image-556 size-full\" src=\"https:\/\/archersdusoleilfrontignan.fr\/cms\/wp-content\/uploads\/certificatSSL.png\" alt=\"\" width=\"531\" height=\"537\" srcset=\"https:\/\/archersdusoleilfrontignan.fr\/cms\/wp-content\/uploads\/certificatSSL.png 531w, https:\/\/archersdusoleilfrontignan.fr\/cms\/wp-content\/uploads\/certificatSSL-297x300.png 297w, https:\/\/archersdusoleilfrontignan.fr\/cms\/wp-content\/uploads\/certificatSSL-267x270.png 267w\" sizes=\"auto, (max-width: 531px) 100vw, 531px\" \/><\/p>\n<p><a href=\"https:\/\/archersdusoleilfrontignan.fr\/cms\/\"><img loading=\"lazy\" decoding=\"async\" class=\"alignnone size-full wp-image-102\" src=\"https:\/\/archersdusoleilfrontignan.fr\/cms\/wp-content\/uploads\/retour.png\" alt=\"\" width=\"149\" height=\"20\" \/><\/a><\/p>\n","protected":false},"excerpt":{"rendered":"<p>Ce site Web est r\u00e9alis\u00e9 sous WordPress par l&rsquo;association sportive \u00ab\u00a0Les Archers du Soleil\u00a0\u00bb situ\u00e9e \u00e0 Frontignan La Peyrade (H\u00e9rault). L&rsquo;association Les Archers du Soleil est une association r\u00e9gie par la Loi de 1901. La responsable de la publication du&hellip;&nbsp;<a href=\"https:\/\/archersdusoleilfrontignan.fr\/cms\/mentionslegales\/\" class=\"more-link\">Lire la suite<\/a><\/p>\n","protected":false},"author":2,"featured_media":0,"parent":0,"menu_order":0,"comment_status":"closed","ping_status":"closed","template":"templates\/full-width.php","meta":{"footnotes":""},"class_list":["post-541","page","type-page","status-publish","hentry"],"_links":{"self":[{"href":"https:\/\/archersdusoleilfrontignan.fr\/cms\/wp-json\/wp\/v2\/pages\/541","targetHints":{"allow":["GET"]}}],"collection":[{"href":"https:\/\/archersdusoleilfrontignan.fr\/cms\/wp-json\/wp\/v2\/pages"}],"about":[{"href":"https:\/\/archersdusoleilfrontignan.fr\/cms\/wp-json\/wp\/v2\/types\/page"}],"author":[{"embeddable":true,"href":"https:\/\/archersdusoleilfrontignan.fr\/cms\/wp-json\/wp\/v2\/users\/2"}],"replies":[{"embeddable":true,"href":"https:\/\/archersdusoleilfrontignan.fr\/cms\/wp-json\/wp\/v2\/comments?post=541"}],"version-history":[{"count":15,"href":"https:\/\/archersdusoleilfrontignan.fr\/cms\/wp-json\/wp\/v2\/pages\/541\/revisions"}],"predecessor-version":[{"id":577,"href":"https:\/\/archersdusoleilfrontignan.fr\/cms\/wp-json\/wp\/v2\/pages\/541\/revisions\/577"}],"wp:attachment":[{"href":"https:\/\/archersdusoleilfrontignan.fr\/cms\/wp-json\/wp\/v2\/media?parent=541"}],"curies":[{"name":"wp","href":"https:\/\/api.w.org\/{rel}","templated":true}]}}