{"id":41,"date":"2024-07-04T11:43:47","date_gmt":"2024-07-04T09:43:47","guid":{"rendered":"https:\/\/archersdusoleilfrontignan.fr\/cms\/?page_id=41"},"modified":"2025-06-04T17:03:04","modified_gmt":"2025-06-04T15:03:04","slug":"tarifs-inscriptions","status":"publish","type":"page","link":"https:\/\/archersdusoleilfrontignan.fr\/cms\/informations\/tarifs-inscriptions\/","title":{"rendered":"TARIFS &#038; INSCRIPTIONS"},"content":{"rendered":"<h2><img loading=\"lazy\" decoding=\"async\" class=\"alignnone size-full wp-image-464\" src=\"https:\/\/archersdusoleilfrontignan.fr\/cms\/wp-content\/uploads\/titreTarifs.png\" alt=\"\" width=\"311\" height=\"55\" srcset=\"https:\/\/archersdusoleilfrontignan.fr\/cms\/wp-content\/uploads\/titreTarifs.png 311w, https:\/\/archersdusoleilfrontignan.fr\/cms\/wp-content\/uploads\/titreTarifs-300x53.png 300w\" sizes=\"auto, (max-width: 311px) 100vw, 311px\" \/><\/h2>\r\n<hr \/>\r\n<p>Cliquer sur le logo \u00ab\u00a0PDF\u00a0\u00bb correspondant au document qui vous int\u00e9resse.<\/p>\r\n\r\n<table style=\"width: 50%;\">\r\n<tbody>\r\n<tr>\r\n<td class=\"has-text-align-center\" style=\"text-align: center;\" data-align=\"center\"><strong>Documents<\/strong><\/td>\r\n<td class=\"has-text-align-center\" data-align=\"center\"><strong>T\u00e9l\u00e9charger<\/strong><\/td>\r\n<\/tr>\r\n<tr>\r\n<td class=\"has-text-align-center\" style=\"text-align: left;\" data-align=\"center\">Fiche g\u00e9n\u00e9rale d&rsquo;information 2025\/2026 (tarifs&#8230;)<\/td>\r\n<td class=\"has-text-align-center\" data-align=\"center\"><a href=\"https:\/\/archersdusoleilfrontignan.fr\/cms\/wp-content\/uploads\/2025-2026FicheInfo.pdf\" target=\"_blank\" rel=\"noopener\"><img loading=\"lazy\" decoding=\"async\" class=\"aligncenter\" src=\"https:\/\/archersdusoleilfrontignan.fr\/cms\/wp-content\/uploads\/logoPdf.png\" alt=\"\" width=\"60\" height=\"68\" \/><\/a><\/td>\r\n<\/tr>\r\n<tr>\r\n<td class=\"has-text-align-center\" style=\"text-align: left;\" data-align=\"center\">Formulaire d&rsquo;adh\u00e9sion cr\u00e9ation et renouvellement de licence<\/td>\r\n<td class=\"has-text-align-center\" style=\"text-align: center;\" data-align=\"center\"><a href=\"https:\/\/archersdusoleilfrontignan.fr\/cms\/wp-content\/uploads\/2025-2026FormulaireLicenceVersion2024.pdf\" target=\"_blank\" rel=\"noopener\"><img loading=\"lazy\" decoding=\"async\" class=\"aligncenter\" src=\"https:\/\/archersdusoleilfrontignan.fr\/cms\/wp-content\/uploads\/logoPdf.png\" alt=\"\" width=\"60\" height=\"68\" \/><\/a><\/td>\r\n<\/tr>\r\n<tr>\r\n<td class=\"has-text-align-center\" data-align=\"center\">\r\n<p style=\"text-align: left;\">Questionnaire de sant\u00e9 pour les majeurs et les mineurs<\/p>\r\n<\/td>\r\n<td class=\"has-text-align-center\" style=\"text-align: center;\" data-align=\"center\"><a href=\"https:\/\/archersdusoleilfrontignan.fr\/cms\/wp-content\/uploads\/2025-2026QuestionSante.pdf\" target=\"_blank\" rel=\"noopener\"><img loading=\"lazy\" decoding=\"async\" class=\"aligncenter\" src=\"https:\/\/archersdusoleilfrontignan.fr\/cms\/wp-content\/uploads\/logoPdf.png\" alt=\"\" width=\"60\" height=\"68\" \/><\/a><\/td>\r\n<\/tr>\r\n<tr>\r\n<td class=\"has-text-align-center\" style=\"text-align: left;\" data-align=\"center\">Autorisation parentale<\/td>\r\n<td class=\"has-text-align-center\" style=\"text-align: center;\" data-align=\"center\"><a href=\"https:\/\/archersdusoleilfrontignan.fr\/cms\/wp-content\/uploads\/2025-2026AutorisationParentale-pdf.pdf\" target=\"_blank\" rel=\"noopener\"><img loading=\"lazy\" decoding=\"async\" class=\"aligncenter\" src=\"https:\/\/archersdusoleilfrontignan.fr\/cms\/wp-content\/uploads\/logoPdf.png\" alt=\"\" width=\"60\" height=\"68\" \/><\/a><\/td>\r\n<\/tr>\r\n<tr>\r\n<td class=\"has-text-align-center\" style=\"text-align: left;\" data-align=\"center\">Notice assurance FFTA<\/td>\r\n<td class=\"has-text-align-center\" style=\"text-align: center;\" data-align=\"center\"><a href=\"https:\/\/archersdusoleilfrontignan.fr\/cms\/wp-content\/uploads\/NoticeAssurance2022-2026.pdf\" target=\"_blank\" rel=\"noopener\"><img loading=\"lazy\" decoding=\"async\" class=\"aligncenter\" src=\"https:\/\/archersdusoleilfrontignan.fr\/cms\/wp-content\/uploads\/logoPdf.png\" alt=\"\" width=\"60\" height=\"68\" \/><\/a><\/td>\r\n<\/tr>\r\n<\/tbody>\r\n<\/table>\r\n<p>&nbsp;<\/p>\r\n<p><a href=\"https:\/\/archersdusoleilfrontignan.fr\/cms\/informations\/\"><img loading=\"lazy\" decoding=\"async\" class=\"alignnone size-full wp-image-102\" src=\"https:\/\/archersdusoleilfrontignan.fr\/cms\/wp-content\/uploads\/retour.png\" alt=\"\" width=\"149\" height=\"20\" \/><\/a><\/p>","protected":false},"excerpt":{"rendered":"<p>Cliquer sur le logo \u00ab\u00a0PDF\u00a0\u00bb correspondant au document qui vous int\u00e9resse. Documents T\u00e9l\u00e9charger Fiche g\u00e9n\u00e9rale d&rsquo;information 2025\/2026 (tarifs&#8230;) Formulaire d&rsquo;adh\u00e9sion cr\u00e9ation et renouvellement de licence Questionnaire de sant\u00e9 pour les majeurs et les mineurs Autorisation parentale Notice assurance FFTA &nbsp;<\/p>\n","protected":false},"author":1,"featured_media":0,"parent":37,"menu_order":1,"comment_status":"closed","ping_status":"closed","template":"templates\/full-width.php","meta":{"footnotes":""},"class_list":["post-41","page","type-page","status-publish","hentry"],"_links":{"self":[{"href":"https:\/\/archersdusoleilfrontignan.fr\/cms\/wp-json\/wp\/v2\/pages\/41","targetHints":{"allow":["GET"]}}],"collection":[{"href":"https:\/\/archersdusoleilfrontignan.fr\/cms\/wp-json\/wp\/v2\/pages"}],"about":[{"href":"https:\/\/archersdusoleilfrontignan.fr\/cms\/wp-json\/wp\/v2\/types\/page"}],"author":[{"embeddable":true,"href":"https:\/\/archersdusoleilfrontignan.fr\/cms\/wp-json\/wp\/v2\/users\/1"}],"replies":[{"embeddable":true,"href":"https:\/\/archersdusoleilfrontignan.fr\/cms\/wp-json\/wp\/v2\/comments?post=41"}],"version-history":[{"count":29,"href":"https:\/\/archersdusoleilfrontignan.fr\/cms\/wp-json\/wp\/v2\/pages\/41\/revisions"}],"predecessor-version":[{"id":903,"href":"https:\/\/archersdusoleilfrontignan.fr\/cms\/wp-json\/wp\/v2\/pages\/41\/revisions\/903"}],"up":[{"embeddable":true,"href":"https:\/\/archersdusoleilfrontignan.fr\/cms\/wp-json\/wp\/v2\/pages\/37"}],"wp:attachment":[{"href":"https:\/\/archersdusoleilfrontignan.fr\/cms\/wp-json\/wp\/v2\/media?parent=41"}],"curies":[{"name":"wp","href":"https:\/\/api.w.org\/{rel}","templated":true}]}}

<h2><img loading="lazy" decoding="async" class="alignnone size-full wp-image-464" src="https://archersdusoleilfrontignan.fr/cms/wp-content/uploads/titreTarifs.png" alt="" width="311" height="55" srcset="https://archersdusoleilfrontignan.fr/cms/wp-content/uploads/titreTarifs.png 311w, https://archersdusoleilfrontignan.fr/cms/wp-content/uploads/titreTarifs-300x53.png 300w" sizes="auto, (max-width: 311px) 100vw, 311px" /></h2>
<hr />
<p>Cliquer sur le logo « PDF » correspondant au document qui vous intéresse.</p>

<table style="width: 50%;">
<tbody>
<tr>
<td class="has-text-align-center" style="text-align: center;" data-align="center"><strong>Documents</strong></td>
<td class="has-text-align-center" data-align="center"><strong>Télécharger</strong></td>
</tr>
<tr>
<td class="has-text-align-center" style="text-align: left;" data-align="center">Fiche générale d&rsquo;information 2025/2026 (tarifs&#8230;)</td>
<td class="has-text-align-center" data-align="center"><a href="https://archersdusoleilfrontignan.fr/cms/wp-content/uploads/2025-2026FicheInfo.pdf" target="_blank" rel="noopener"><img loading="lazy" decoding="async" class="aligncenter" src="https://archersdusoleilfrontignan.fr/cms/wp-content/uploads/logoPdf.png" alt="" width="60" height="68" /></a></td>
</tr>
<tr>
<td class="has-text-align-center" style="text-align: left;" data-align="center">Formulaire d&rsquo;adhésion création et renouvellement de licence</td>
<td class="has-text-align-center" style="text-align: center;" data-align="center"><a href="https://archersdusoleilfrontignan.fr/cms/wp-content/uploads/2025-2026FormulaireLicenceVersion2024.pdf" target="_blank" rel="noopener"><img loading="lazy" decoding="async" class="aligncenter" src="https://archersdusoleilfrontignan.fr/cms/wp-content/uploads/logoPdf.png" alt="" width="60" height="68" /></a></td>
</tr>
<tr>
<td class="has-text-align-center" data-align="center">
<p style="text-align: left;">Questionnaire de santé pour les majeurs et les mineurs</p>
</td>
<td class="has-text-align-center" style="text-align: center;" data-align="center"><a href="https://archersdusoleilfrontignan.fr/cms/wp-content/uploads/2025-2026QuestionSante.pdf" target="_blank" rel="noopener"><img loading="lazy" decoding="async" class="aligncenter" src="https://archersdusoleilfrontignan.fr/cms/wp-content/uploads/logoPdf.png" alt="" width="60" height="68" /></a></td>
</tr>
<tr>
<td class="has-text-align-center" style="text-align: left;" data-align="center">Autorisation parentale</td>
<td class="has-text-align-center" style="text-align: center;" data-align="center"><a href="https://archersdusoleilfrontignan.fr/cms/wp-content/uploads/2025-2026AutorisationParentale-pdf.pdf" target="_blank" rel="noopener"><img loading="lazy" decoding="async" class="aligncenter" src="https://archersdusoleilfrontignan.fr/cms/wp-content/uploads/logoPdf.png" alt="" width="60" height="68" /></a></td>
</tr>
<tr>
<td class="has-text-align-center" style="text-align: left;" data-align="center">Notice assurance FFTA</td>
<td class="has-text-align-center" style="text-align: center;" data-align="center"><a href="https://archersdusoleilfrontignan.fr/cms/wp-content/uploads/NoticeAssurance2022-2026.pdf" target="_blank" rel="noopener"><img loading="lazy" decoding="async" class="aligncenter" src="https://archersdusoleilfrontignan.fr/cms/wp-content/uploads/logoPdf.png" alt="" width="60" height="68" /></a></td>
</tr>
</tbody>
</table>
<p>&nbsp;</p>
<p><a href="https://archersdusoleilfrontignan.fr/cms/informations/"><img loading="lazy" decoding="async" class="alignnone size-full wp-image-102" src="https://archersdusoleilfrontignan.fr/cms/wp-content/uploads/retour.png" alt="" width="149" height="20" /></a></p>

<p>Cliquer sur le logo « PDF » correspondant au document qui vous intéresse. Documents Télécharger Fiche générale d&rsquo;information 2025/2026 (tarifs&#8230;) Formulaire d&rsquo;adhésion création et renouvellement de licence Questionnaire de santé pour les majeurs et les mineurs Autorisation parentale Notice assurance FFTA &nbsp;</p>
