{"id":375,"date":"2024-12-18T12:53:16","date_gmt":"2024-12-18T11:53:16","guid":{"rendered":"https:\/\/archersdusoleilfrontignan.fr\/cms\/?page_id=375"},"modified":"2025-01-19T14:18:12","modified_gmt":"2025-01-19T13:18:12","slug":"photos","status":"publish","type":"page","link":"https:\/\/archersdusoleilfrontignan.fr\/cms\/photos\/","title":{"rendered":"PHOTOS"},"content":{"rendered":"<p><img loading=\"lazy\" decoding=\"async\" class=\"alignnone size-full wp-image-519\" src=\"https:\/\/archersdusoleilfrontignan.fr\/cms\/wp-content\/uploads\/titrePhotos.png\" alt=\"\" width=\"458\" height=\"64\" srcset=\"https:\/\/archersdusoleilfrontignan.fr\/cms\/wp-content\/uploads\/titrePhotos.png 458w, https:\/\/archersdusoleilfrontignan.fr\/cms\/wp-content\/uploads\/titrePhotos-300x42.png 300w, https:\/\/archersdusoleilfrontignan.fr\/cms\/wp-content\/uploads\/titrePhotos-360x50.png 360w\" sizes=\"auto, (max-width: 458px) 100vw, 458px\" \/><\/p>\n<hr \/>\n<p><img loading=\"lazy\" decoding=\"async\" class=\"alignnone wp-image-700 size-full\" src=\"https:\/\/archersdusoleilfrontignan.fr\/cms\/wp-content\/uploads\/Diapo2025.gif\" alt=\"\" width=\"308\" height=\"236\" \/><\/p>\n<p>&nbsp;<\/p>\n<p>Les photos des diff\u00e9rents \u00e9v\u00e8nement (depuis 2013 jusqu&rsquo;\u00e0 maintenant !)<br \/>\nsont publi\u00e9es sur le site d&rsquo;h\u00e9bergement d&rsquo;images \u00a0\u00bb <strong>FLICKR <\/strong>\u00ab\u00a0.<\/p>\n<h3><strong><span style=\"color: #0000ff;\"><a style=\"color: #0000ff;\" href=\"https:\/\/www.flickr.com\/photos\/143592560@N02\/albums\/with\/72157667576719334\" target=\"_blank\" rel=\"noopener\"><span style=\"text-decoration: underline;\">En cliquant sur ce lien<\/span><\/a><\/span><\/strong>,<\/h3>\n<p>vous acc\u00e9derez \u00e0 l&rsquo;ensemble de ces photos dans une nouvelle page.<\/p>\n","protected":false},"excerpt":{"rendered":"<p>&nbsp; Les photos des diff\u00e9rents \u00e9v\u00e8nement (depuis 2013 jusqu&rsquo;\u00e0 maintenant !) sont publi\u00e9es sur le site d&rsquo;h\u00e9bergement d&rsquo;images \u00a0\u00bb FLICKR \u00ab\u00a0. En cliquant sur ce lien, vous acc\u00e9derez \u00e0 l&rsquo;ensemble de ces photos dans une nouvelle page.<\/p>\n","protected":false},"author":1,"featured_media":0,"parent":0,"menu_order":0,"comment_status":"closed","ping_status":"closed","template":"templates\/full-width.php","meta":{"footnotes":""},"class_list":["post-375","page","type-page","status-publish","hentry"],"_links":{"self":[{"href":"https:\/\/archersdusoleilfrontignan.fr\/cms\/wp-json\/wp\/v2\/pages\/375","targetHints":{"allow":["GET"]}}],"collection":[{"href":"https:\/\/archersdusoleilfrontignan.fr\/cms\/wp-json\/wp\/v2\/pages"}],"about":[{"href":"https:\/\/archersdusoleilfrontignan.fr\/cms\/wp-json\/wp\/v2\/types\/page"}],"author":[{"embeddable":true,"href":"https:\/\/archersdusoleilfrontignan.fr\/cms\/wp-json\/wp\/v2\/users\/1"}],"replies":[{"embeddable":true,"href":"https:\/\/archersdusoleilfrontignan.fr\/cms\/wp-json\/wp\/v2\/comments?post=375"}],"version-history":[{"count":12,"href":"https:\/\/archersdusoleilfrontignan.fr\/cms\/wp-json\/wp\/v2\/pages\/375\/revisions"}],"predecessor-version":[{"id":701,"href":"https:\/\/archersdusoleilfrontignan.fr\/cms\/wp-json\/wp\/v2\/pages\/375\/revisions\/701"}],"wp:attachment":[{"href":"https:\/\/archersdusoleilfrontignan.fr\/cms\/wp-json\/wp\/v2\/media?parent=375"}],"curies":[{"name":"wp","href":"https:\/\/api.w.org\/{rel}","templated":true}]}}

<p><img loading="lazy" decoding="async" class="alignnone size-full wp-image-519" src="https://archersdusoleilfrontignan.fr/cms/wp-content/uploads/titrePhotos.png" alt="" width="458" height="64" srcset="https://archersdusoleilfrontignan.fr/cms/wp-content/uploads/titrePhotos.png 458w, https://archersdusoleilfrontignan.fr/cms/wp-content/uploads/titrePhotos-300x42.png 300w, https://archersdusoleilfrontignan.fr/cms/wp-content/uploads/titrePhotos-360x50.png 360w" sizes="auto, (max-width: 458px) 100vw, 458px" /></p>
<hr />
<p><img loading="lazy" decoding="async" class="alignnone wp-image-700 size-full" src="https://archersdusoleilfrontignan.fr/cms/wp-content/uploads/Diapo2025.gif" alt="" width="308" height="236" /></p>
<p>&nbsp;</p>
<p>Les photos des différents évènement (depuis 2013 jusqu&rsquo;à maintenant !)<br />
sont publiées sur le site d&rsquo;hébergement d&rsquo;images  » <strong>FLICKR </strong>« .</p>
<h3><strong><span style="color: #0000ff;"><a style="color: #0000ff;" href="https://www.flickr.com/photos/143592560@N02/albums/with/72157667576719334" target="_blank" rel="noopener"><span style="text-decoration: underline;">En cliquant sur ce lien</span></a></span></strong>,</h3>
<p>vous accéderez à l&rsquo;ensemble de ces photos dans une nouvelle page.</p>

<p>&nbsp; Les photos des différents évènement (depuis 2013 jusqu&rsquo;à maintenant !) sont publiées sur le site d&rsquo;hébergement d&rsquo;images  » FLICKR « . En cliquant sur ce lien, vous accéderez à l&rsquo;ensemble de ces photos dans une nouvelle page.</p>
