{"id":364,"date":"2024-12-18T12:33:12","date_gmt":"2024-12-18T11:33:12","guid":{"rendered":"https:\/\/archersdusoleilfrontignan.fr\/cms\/?page_id=364"},"modified":"2026-04-19T09:32:46","modified_gmt":"2026-04-19T07:32:46","slug":"inscriptions","status":"publish","type":"page","link":"https:\/\/archersdusoleilfrontignan.fr\/cms\/competitions\/inscriptions\/","title":{"rendered":"INSCRIPTIONS"},"content":{"rendered":"<p><img loading=\"lazy\" decoding=\"async\" class=\"alignnone size-full wp-image-510\" src=\"https:\/\/archersdusoleilfrontignan.fr\/cms\/wp-content\/uploads\/titreInscription.png\" alt=\"\" width=\"209\" height=\"65\" \/><\/p>\n<hr \/>\n<p>En suivant <a href=\"https:\/\/forms.gle\/KbhJ2c9myonajCPt5\" target=\"_blank\" rel=\"noopener\"><strong><span style=\"color: #0000ff;\">le lien suivant, vous acc\u00e9derez dans une nouvelle page \u00e0 un formulaire d&rsquo;inscription<\/span><\/strong><\/a> aux comp\u00e9titions officielles.<\/p>\n<p>Au pr\u00e9alable :<\/p>\n<ul>\n<li>Consultez le <strong>calendrier<\/strong> des comp\u00e9titions du menu COMP\u00c9TITIONS<\/li>\n<li>Consultez le <strong>mandat<\/strong> \u00e9mis par le club organisateur du menu COMP\u00c9TITIONS<\/li>\n<\/ul>\n<p><a href=\"https:\/\/archersdusoleilfrontignan.fr\/cms\/competitions\/\"><img loading=\"lazy\" decoding=\"async\" class=\"alignnone size-full wp-image-102\" src=\"https:\/\/archersdusoleilfrontignan.fr\/cms\/wp-content\/uploads\/retour.png\" alt=\"\" width=\"149\" height=\"20\" \/><\/a><\/p>\n","protected":false},"excerpt":{"rendered":"<p>En suivant le lien suivant, vous acc\u00e9derez dans une nouvelle page \u00e0 un formulaire d&rsquo;inscription aux comp\u00e9titions officielles. Au pr\u00e9alable : Consultez le calendrier des comp\u00e9titions du menu COMP\u00c9TITIONS Consultez le mandat \u00e9mis par le club organisateur du menu COMP\u00c9TITIONS<\/p>\n","protected":false},"author":1,"featured_media":0,"parent":337,"menu_order":0,"comment_status":"closed","ping_status":"closed","template":"templates\/full-width.php","meta":{"footnotes":""},"class_list":["post-364","page","type-page","status-publish","hentry"],"_links":{"self":[{"href":"https:\/\/archersdusoleilfrontignan.fr\/cms\/wp-json\/wp\/v2\/pages\/364","targetHints":{"allow":["GET"]}}],"collection":[{"href":"https:\/\/archersdusoleilfrontignan.fr\/cms\/wp-json\/wp\/v2\/pages"}],"about":[{"href":"https:\/\/archersdusoleilfrontignan.fr\/cms\/wp-json\/wp\/v2\/types\/page"}],"author":[{"embeddable":true,"href":"https:\/\/archersdusoleilfrontignan.fr\/cms\/wp-json\/wp\/v2\/users\/1"}],"replies":[{"embeddable":true,"href":"https:\/\/archersdusoleilfrontignan.fr\/cms\/wp-json\/wp\/v2\/comments?post=364"}],"version-history":[{"count":9,"href":"https:\/\/archersdusoleilfrontignan.fr\/cms\/wp-json\/wp\/v2\/pages\/364\/revisions"}],"predecessor-version":[{"id":1104,"href":"https:\/\/archersdusoleilfrontignan.fr\/cms\/wp-json\/wp\/v2\/pages\/364\/revisions\/1104"}],"up":[{"embeddable":true,"href":"https:\/\/archersdusoleilfrontignan.fr\/cms\/wp-json\/wp\/v2\/pages\/337"}],"wp:attachment":[{"href":"https:\/\/archersdusoleilfrontignan.fr\/cms\/wp-json\/wp\/v2\/media?parent=364"}],"curies":[{"name":"wp","href":"https:\/\/api.w.org\/{rel}","templated":true}]}}

<p><img loading="lazy" decoding="async" class="alignnone size-full wp-image-510" src="https://archersdusoleilfrontignan.fr/cms/wp-content/uploads/titreInscription.png" alt="" width="209" height="65" /></p>
<hr />
<p>En suivant <a href="https://forms.gle/KbhJ2c9myonajCPt5" target="_blank" rel="noopener"><strong><span style="color: #0000ff;">le lien suivant, vous accéderez dans une nouvelle page à un formulaire d&rsquo;inscription</span></strong></a> aux compétitions officielles.</p>
<p>Au préalable :</p>
<ul>
<li>Consultez le <strong>calendrier</strong> des compétitions du menu COMPÉTITIONS</li>
<li>Consultez le <strong>mandat</strong> émis par le club organisateur du menu COMPÉTITIONS</li>
</ul>
<p><a href="https://archersdusoleilfrontignan.fr/cms/competitions/"><img loading="lazy" decoding="async" class="alignnone size-full wp-image-102" src="https://archersdusoleilfrontignan.fr/cms/wp-content/uploads/retour.png" alt="" width="149" height="20" /></a></p>

<p>En suivant le lien suivant, vous accéderez dans une nouvelle page à un formulaire d&rsquo;inscription aux compétitions officielles. Au préalable : Consultez le calendrier des compétitions du menu COMPÉTITIONS Consultez le mandat émis par le club organisateur du menu COMPÉTITIONS</p>
