{"id":178,"date":"2024-10-07T16:42:57","date_gmt":"2024-10-07T14:42:57","guid":{"rendered":"https:\/\/archersdusoleilfrontignan.fr\/cms\/?page_id=178"},"modified":"2025-04-06T16:42:21","modified_gmt":"2025-04-06T14:42:21","slug":"saison2021-2024","status":"publish","type":"page","link":"https:\/\/archersdusoleilfrontignan.fr\/cms\/presse\/saison2021-2024\/","title":{"rendered":"Saison 2021-2024"},"content":{"rendered":"<p><img loading=\"lazy\" decoding=\"async\" class=\"alignnone wp-image-832 size-full\" src=\"https:\/\/archersdusoleilfrontignan.fr\/cms\/wp-content\/uploads\/titrePresse2021P.png\" alt=\"\" width=\"682\" height=\"63\" srcset=\"https:\/\/archersdusoleilfrontignan.fr\/cms\/wp-content\/uploads\/titrePresse2021P.png 682w, https:\/\/archersdusoleilfrontignan.fr\/cms\/wp-content\/uploads\/titrePresse2021P-300x28.png 300w, https:\/\/archersdusoleilfrontignan.fr\/cms\/wp-content\/uploads\/titrePresse2021P-360x33.png 360w\" sizes=\"auto, (max-width: 682px) 100vw, 682px\" \/><\/p>\n<hr \/>\n<h6><em>Les fichiers au format PDF s&rsquo;ouvriront dans une nouvelle fen\u00eatre&#8230;<\/em><\/h6>\n<p>&nbsp;<\/p>\n<table style=\"width: 50%;\">\n<tbody>\n<tr>\n<td class=\"has-text-align-center\" style=\"text-align: left;\" data-align=\"center\"><strong>19\/06\/2024<\/strong> | Thau info : Le tir \u00e0 l&rsquo;arc \u00e0 l&rsquo;honneur<\/td>\n<td class=\"has-text-align-center\" data-align=\"center\"><a href=\"https:\/\/archersdusoleilfrontignan.fr\/cms\/wp-content\/uploads\/2024_06_19.ThauInfo.pdf\" target=\"_blank\" rel=\"noopener\"><img loading=\"lazy\" decoding=\"async\" class=\"aligncenter\" src=\"https:\/\/archersdusoleilfrontignan.fr\/cms\/wp-content\/uploads\/logoPdf.png\" alt=\"\" width=\"60\" height=\"68\" \/><\/a><\/td>\n<\/tr>\n<tr>\n<td class=\"has-text-align-center\" style=\"text-align: left;\" data-align=\"center\"><strong>23\/02\/2024 | <\/strong>Thau info : 6 titres au championnat d\u00e9partemental de tir \u00e0 l&rsquo;arc \u00e0 Montpellier<\/td>\n<td class=\"has-text-align-center\" data-align=\"center\"><a href=\"https:\/\/archersdusoleilfrontignan.fr\/cms\/wp-content\/uploads\/2024_02_23.ThauInfo.pdf\" target=\"_blank\" rel=\"noopener\"><img loading=\"lazy\" decoding=\"async\" class=\"aligncenter\" src=\"https:\/\/archersdusoleilfrontignan.fr\/cms\/wp-content\/uploads\/logoPdf.png\" alt=\"\" width=\"60\" height=\"68\" \/><\/a><\/td>\n<\/tr>\n<tr>\n<td class=\"has-text-align-center\" style=\"text-align: left;\" data-align=\"center\"><strong>22\/01\/2023<\/strong> | Thau info saison 2023 : Un d\u00e9but de saison d\u00e9j\u00e0 bien rempli<\/td>\n<td class=\"has-text-align-center\" data-align=\"center\"><a href=\"https:\/\/archersdusoleilfrontignan.fr\/cms\/wp-content\/uploads\/2023_01_22.ThauInfo.pdf\" target=\"_blank\" rel=\"noopener\"><img loading=\"lazy\" decoding=\"async\" class=\"aligncenter\" src=\"https:\/\/archersdusoleilfrontignan.fr\/cms\/wp-content\/uploads\/logoPdf.png\" alt=\"\" width=\"60\" height=\"68\" \/><\/a><\/td>\n<\/tr>\n<tr>\n<td class=\"has-text-align-center\" style=\"text-align: left;\" data-align=\"center\"><strong>01\/06\/2022<\/strong> | Thau info : RJ B\u00e9ziers et d\u00e9partemental au Cres, r\u00e9sultats encourageants<\/td>\n<td class=\"has-text-align-center\" data-align=\"center\"><a href=\"https:\/\/archersdusoleilfrontignan.fr\/cms\/wp-content\/uploads\/2022_06_01.ThauInfo.pdf\" target=\"_blank\" rel=\"noopener\"><img loading=\"lazy\" decoding=\"async\" class=\"aligncenter\" src=\"https:\/\/archersdusoleilfrontignan.fr\/cms\/wp-content\/uploads\/logoPdf.png\" alt=\"\" width=\"60\" height=\"68\" \/><\/a><\/td>\n<\/tr>\n<tr>\n<td class=\"has-text-align-center\" style=\"text-align: left;\" data-align=\"center\"><strong>12\/12\/2021<\/strong> | Midi Libre : La belle histoire de Jean-Philippe et Yolande<\/td>\n<td class=\"has-text-align-center\" style=\"text-align: center;\" data-align=\"center\"><a href=\"https:\/\/archersdusoleilfrontignan.fr\/cms\/wp-content\/uploads\/2021_12_12.MidiLibre.pdf\" target=\"_blank\" rel=\"noopener\"><img loading=\"lazy\" decoding=\"async\" class=\"aligncenter\" src=\"https:\/\/archersdusoleilfrontignan.fr\/cms\/wp-content\/uploads\/logoPdf.png\" alt=\"\" width=\"60\" height=\"68\" \/><\/a><\/td>\n<\/tr>\n<tr>\n<td class=\"has-text-align-center\" style=\"text-align: left;\" data-align=\"center\"><strong>13\/11\/2021<\/strong> | Thau info : Une reprise pleine de promesses<\/td>\n<td class=\"has-text-align-center\" style=\"text-align: center;\" data-align=\"center\"><a href=\"https:\/\/archersdusoleilfrontignan.fr\/cms\/wp-content\/uploads\/2021_11_13.ThauInfo.pdf\" target=\"_blank\" rel=\"noopener\"><img loading=\"lazy\" decoding=\"async\" class=\"aligncenter\" src=\"https:\/\/archersdusoleilfrontignan.fr\/cms\/wp-content\/uploads\/logoPdf.png\" alt=\"\" width=\"60\" height=\"68\" \/><\/a><\/td>\n<\/tr>\n<\/tbody>\n<\/table>\n<p><a href=\"https:\/\/archersdusoleilfrontignan.fr\/cms\/presse\/\" rel=\"noopener\"><img loading=\"lazy\" decoding=\"async\" class=\"alignnone size-full wp-image-102\" src=\"https:\/\/archersdusoleilfrontignan.fr\/cms\/wp-content\/uploads\/retour.png\" alt=\"\" width=\"149\" height=\"20\" \/><\/a><\/p>\n","protected":false},"excerpt":{"rendered":"<p>Les fichiers au format PDF s&rsquo;ouvriront dans une nouvelle fen\u00eatre&#8230; &nbsp; 19\/06\/2024 | Thau info : Le tir \u00e0 l&rsquo;arc \u00e0 l&rsquo;honneur 23\/02\/2024 | Thau info : 6 titres au championnat d\u00e9partemental de tir \u00e0 l&rsquo;arc \u00e0 Montpellier 22\/01\/2023 |&hellip;&nbsp;<a href=\"https:\/\/archersdusoleilfrontignan.fr\/cms\/presse\/saison2021-2024\/\" class=\"more-link\">Lire la suite<\/a><\/p>\n","protected":false},"author":1,"featured_media":0,"parent":169,"menu_order":0,"comment_status":"closed","ping_status":"closed","template":"","meta":{"footnotes":""},"class_list":["post-178","page","type-page","status-publish","hentry"],"_links":{"self":[{"href":"https:\/\/archersdusoleilfrontignan.fr\/cms\/wp-json\/wp\/v2\/pages\/178","targetHints":{"allow":["GET"]}}],"collection":[{"href":"https:\/\/archersdusoleilfrontignan.fr\/cms\/wp-json\/wp\/v2\/pages"}],"about":[{"href":"https:\/\/archersdusoleilfrontignan.fr\/cms\/wp-json\/wp\/v2\/types\/page"}],"author":[{"embeddable":true,"href":"https:\/\/archersdusoleilfrontignan.fr\/cms\/wp-json\/wp\/v2\/users\/1"}],"replies":[{"embeddable":true,"href":"https:\/\/archersdusoleilfrontignan.fr\/cms\/wp-json\/wp\/v2\/comments?post=178"}],"version-history":[{"count":39,"href":"https:\/\/archersdusoleilfrontignan.fr\/cms\/wp-json\/wp\/v2\/pages\/178\/revisions"}],"predecessor-version":[{"id":836,"href":"https:\/\/archersdusoleilfrontignan.fr\/cms\/wp-json\/wp\/v2\/pages\/178\/revisions\/836"}],"up":[{"embeddable":true,"href":"https:\/\/archersdusoleilfrontignan.fr\/cms\/wp-json\/wp\/v2\/pages\/169"}],"wp:attachment":[{"href":"https:\/\/archersdusoleilfrontignan.fr\/cms\/wp-json\/wp\/v2\/media?parent=178"}],"curies":[{"name":"wp","href":"https:\/\/api.w.org\/{rel}","templated":true}]}}