{"id":169,"date":"2024-10-07T16:26:01","date_gmt":"2024-10-07T14:26:01","guid":{"rendered":"https:\/\/archersdusoleilfrontignan.fr\/cms\/?page_id=169"},"modified":"2025-04-06T17:05:16","modified_gmt":"2025-04-06T15:05:16","slug":"presse","status":"publish","type":"page","link":"https:\/\/archersdusoleilfrontignan.fr\/cms\/presse\/","title":{"rendered":"PRESSE"},"content":{"rendered":"<p><img loading=\"lazy\" decoding=\"async\" class=\"alignnone size-full wp-image-479\" src=\"https:\/\/archersdusoleilfrontignan.fr\/cms\/wp-content\/uploads\/titrePresse.png\" alt=\"\" width=\"157\" height=\"60\" \/><\/p>\n<hr \/>\n<p style=\"padding-left: 40px;\">Les publications dans la presse sur les \u00e9v\u00e8nements du club, class\u00e9s par saison&#8230;<\/p>\n<p style=\"padding-left: 40px;\"><strong><span style=\"color: #0000ff;\"><img loading=\"lazy\" decoding=\"async\" class=\"size-full wp-image-77 alignleft\" src=\"https:\/\/archersdusoleilfrontignan.fr\/cms\/wp-content\/uploads\/flecheBullet.png\" alt=\"\" width=\"100\" height=\"20\" \/><span style=\"text-decoration: underline;\"><a style=\"color: #0000ff; text-decoration: underline;\" href=\"https:\/\/archersdusoleilfrontignan.fr\/cms\/presse\/saison-2025-et-suivantes\/\">Saison 2025 et suivantes<\/a><\/span><\/span><\/strong><\/p>\n<p style=\"padding-left: 40px;\"><span style=\"text-decoration: underline;\"><span style=\"color: #0000ff;\"><strong><img loading=\"lazy\" decoding=\"async\" class=\"alignleft wp-image-77 size-full\" src=\"https:\/\/archersdusoleilfrontignan.fr\/cms\/wp-content\/uploads\/flecheBullet.png\" alt=\"\" width=\"100\" height=\"20\" \/><a style=\"color: #0000ff; text-decoration: underline;\" href=\"https:\/\/archersdusoleilfrontignan.fr\/cms\/presse\/saison2021-2024\/\"><span style=\"color: #0000ff; text-decoration: underline;\">Saison 2021 &#8211; 2024<\/span><\/a><\/strong><\/span><\/span><\/p>\n<p style=\"padding-left: 40px;\"><span style=\"text-decoration: underline;\"><span style=\"color: #0000ff;\"><strong><img loading=\"lazy\" decoding=\"async\" class=\"alignleft wp-image-77 size-full\" src=\"https:\/\/archersdusoleilfrontignan.fr\/cms\/wp-content\/uploads\/flecheBullet.png\" alt=\"\" width=\"100\" height=\"20\" \/><a style=\"color: #0000ff; text-decoration: underline;\" href=\"https:\/\/archersdusoleilfrontignan.fr\/cms\/presse\/saison-2018-2019-2020\/\"><span style=\"color: #0000ff; text-decoration: underline;\">Saison 2019 &#8211; 2020<\/span><\/a><\/strong><\/span><\/span><\/p>\n<p style=\"padding-left: 40px;\"><span style=\"text-decoration: underline;\"><span style=\"color: #0000ff;\"><strong><img loading=\"lazy\" decoding=\"async\" class=\"alignleft wp-image-77 size-full\" src=\"https:\/\/archersdusoleilfrontignan.fr\/cms\/wp-content\/uploads\/flecheBullet.png\" alt=\"\" width=\"100\" height=\"20\" \/><a href=\"https:\/\/archersdusoleilfrontignan.fr\/cms\/presse\/saison-2016-2017-2018\/\"><span style=\"color: #0000ff;\">Saison 2016 &#8211; 2017<\/span><\/a><\/strong><\/span><\/span><\/p>\n<p style=\"padding-left: 40px;\"><span style=\"text-decoration: underline;\"><span style=\"color: #0000ff;\"><strong><img loading=\"lazy\" decoding=\"async\" class=\"alignleft wp-image-77 size-full\" src=\"https:\/\/archersdusoleilfrontignan.fr\/cms\/wp-content\/uploads\/flecheBullet.png\" alt=\"\" width=\"100\" height=\"20\" \/><a href=\"https:\/\/archersdusoleilfrontignan.fr\/cms\/presse\/saison-2015-2016\/\"><span style=\"color: #0000ff;\">Saison 2015 &#8211; 2016<\/span><\/a><\/strong><\/span><\/span><\/p>\n<p style=\"padding-left: 40px;\">\n","protected":false},"excerpt":{"rendered":"<p>Les publications dans la presse sur les \u00e9v\u00e8nements du club, class\u00e9s par saison&#8230; Saison 2025 et suivantes Saison 2021 &#8211; 2024 Saison 2019 &#8211; 2020 Saison 2016 &#8211; 2017 Saison 2015 &#8211; 2016<\/p>\n","protected":false},"author":1,"featured_media":0,"parent":0,"menu_order":0,"comment_status":"closed","ping_status":"closed","template":"","meta":{"footnotes":""},"class_list":["post-169","page","type-page","status-publish","hentry"],"_links":{"self":[{"href":"https:\/\/archersdusoleilfrontignan.fr\/cms\/wp-json\/wp\/v2\/pages\/169","targetHints":{"allow":["GET"]}}],"collection":[{"href":"https:\/\/archersdusoleilfrontignan.fr\/cms\/wp-json\/wp\/v2\/pages"}],"about":[{"href":"https:\/\/archersdusoleilfrontignan.fr\/cms\/wp-json\/wp\/v2\/types\/page"}],"author":[{"embeddable":true,"href":"https:\/\/archersdusoleilfrontignan.fr\/cms\/wp-json\/wp\/v2\/users\/1"}],"replies":[{"embeddable":true,"href":"https:\/\/archersdusoleilfrontignan.fr\/cms\/wp-json\/wp\/v2\/comments?post=169"}],"version-history":[{"count":29,"href":"https:\/\/archersdusoleilfrontignan.fr\/cms\/wp-json\/wp\/v2\/pages\/169\/revisions"}],"predecessor-version":[{"id":844,"href":"https:\/\/archersdusoleilfrontignan.fr\/cms\/wp-json\/wp\/v2\/pages\/169\/revisions\/844"}],"wp:attachment":[{"href":"https:\/\/archersdusoleilfrontignan.fr\/cms\/wp-json\/wp\/v2\/media?parent=169"}],"curies":[{"name":"wp","href":"https:\/\/api.w.org\/{rel}","templated":true}]}}

<p><img loading="lazy" decoding="async" class="alignnone size-full wp-image-479" src="https://archersdusoleilfrontignan.fr/cms/wp-content/uploads/titrePresse.png" alt="" width="157" height="60" /></p>
<hr />
<p style="padding-left: 40px;">Les publications dans la presse sur les évènements du club, classés par saison&#8230;</p>
<p style="padding-left: 40px;"><strong><span style="color: #0000ff;"><img loading="lazy" decoding="async" class="size-full wp-image-77 alignleft" src="https://archersdusoleilfrontignan.fr/cms/wp-content/uploads/flecheBullet.png" alt="" width="100" height="20" /><span style="text-decoration: underline;"><a style="color: #0000ff; text-decoration: underline;" href="https://archersdusoleilfrontignan.fr/cms/presse/saison-2025-et-suivantes/">Saison 2025 et suivantes</a></span></span></strong></p>
<p style="padding-left: 40px;"><span style="text-decoration: underline;"><span style="color: #0000ff;"><strong><img loading="lazy" decoding="async" class="alignleft wp-image-77 size-full" src="https://archersdusoleilfrontignan.fr/cms/wp-content/uploads/flecheBullet.png" alt="" width="100" height="20" /><a style="color: #0000ff; text-decoration: underline;" href="https://archersdusoleilfrontignan.fr/cms/presse/saison2021-2024/"><span style="color: #0000ff; text-decoration: underline;">Saison 2021 &#8211; 2024</span></a></strong></span></span></p>
<p style="padding-left: 40px;"><span style="text-decoration: underline;"><span style="color: #0000ff;"><strong><img loading="lazy" decoding="async" class="alignleft wp-image-77 size-full" src="https://archersdusoleilfrontignan.fr/cms/wp-content/uploads/flecheBullet.png" alt="" width="100" height="20" /><a style="color: #0000ff; text-decoration: underline;" href="https://archersdusoleilfrontignan.fr/cms/presse/saison-2018-2019-2020/"><span style="color: #0000ff; text-decoration: underline;">Saison 2019 &#8211; 2020</span></a></strong></span></span></p>
<p style="padding-left: 40px;"><span style="text-decoration: underline;"><span style="color: #0000ff;"><strong><img loading="lazy" decoding="async" class="alignleft wp-image-77 size-full" src="https://archersdusoleilfrontignan.fr/cms/wp-content/uploads/flecheBullet.png" alt="" width="100" height="20" /><a href="https://archersdusoleilfrontignan.fr/cms/presse/saison-2016-2017-2018/"><span style="color: #0000ff;">Saison 2016 &#8211; 2017</span></a></strong></span></span></p>
<p style="padding-left: 40px;"><span style="text-decoration: underline;"><span style="color: #0000ff;"><strong><img loading="lazy" decoding="async" class="alignleft wp-image-77 size-full" src="https://archersdusoleilfrontignan.fr/cms/wp-content/uploads/flecheBullet.png" alt="" width="100" height="20" /><a href="https://archersdusoleilfrontignan.fr/cms/presse/saison-2015-2016/"><span style="color: #0000ff;">Saison 2015 &#8211; 2016</span></a></strong></span></span></p>
<p style="padding-left: 40px;">

<p>Les publications dans la presse sur les évènements du club, classés par saison&#8230; Saison 2025 et suivantes Saison 2021 &#8211; 2024 Saison 2019 &#8211; 2020 Saison 2016 &#8211; 2017 Saison 2015 &#8211; 2016</p>
